tens digit of q?
2
What is the tens digit of (-114)/171 - (-182652)/9?
9
Let z = -14924 - -28094. What is the ten thousands digit of z?
1
Let g be (864/(-168))/((-6)/(-28)). Let s(w) = w**3 + 25*w**2 - 24*w - 98. What is the thousands digit of s(g)?
1
Let p(d) = -d**2 - 6*d - 21. Let m be p(0). Let t(o) = -o**3 - 21*o**2 - 12*o - 30. What is the hundreds digit of t(m)?
2
Let t be 3 + 3 - (11 - 989). What is the hundreds digit of 12*t/81 + (-2)/(-9)?
1
Let q = -133 + 127. Let z(o) = -12*o - 32. Let t be z(q). Let r = 91 - t. What is the units digit of r?
1
Let y(c) = -1076*c + 494. What is the hundreds digit of y(-18)?
8
Let y = 4488 - 4496. Let d(o) = -40*o**2 - 3*o - 1. Let c be d(-2). What is the units digit of c/(-2) + 4/y + 0?
7
Let k = -58456 + 109109. What is the hundreds digit of k?
6
Let s(l) = -27*l**3 - 74*l**2 - 17*l - 42. What is the hundreds digit of s(-9)?
8
Suppose 3*y - 17 = -2. Suppose -3*a = -4*q + a - 4, -q - y = -2*a. Suppose 5*m - f - 322 = 0, q*m - 7*m = -2*f - 254. What is the tens digit of m?
6
Suppose -476*n = -212*n - 6532416. What is the tens digit of n?
4
Suppose 0 = 5*w - 2*j - 297, -5*j + 37 = -5*w + 322. Let g = w + -49. Suppose 41*k = 44*k - g. What is the units digit of k?
4
Let j(y) be the third derivative of y**5/10 + y**4/6 - 65*y**3/2 - 103*y**2. What is the hundreds digit of j(-14)?
9
Suppose g - 5*g + 2*o = 22, 0 = -2*g + 2*o - 14. What is the hundreds digit of (-1)/(((-12)/144)/((-373)/g))?
1
Suppose 49651 = 15*k - 33199 - 5845. What is the tens digit of k?
1
Let k(h) be the second derivative of h**4/6 + 25*h**3/6 - 65*h**2/2 - 14*h + 7. What is the units digit of k(20)?
5
Let y be -2*(2 + -5) - 1. Suppose 0 = 4*x - 2*x - 16. Suppose y*w - x*w = -51. What is the tens digit of w?
1
Suppose 10*q = 6*q + 156. Suppose 6*x - 15 + q = 0. What is the units digit of (499 - (-1 - -2))*(-2)/x?
9
Suppose -2*k - a - 20769 = -150282, -k = 5*a - 64716. What is the tens digit of k?
6
Suppose c - 9 = 3*l - 2, 5*c - 46 = 4*l. Suppose 15*u - c*u = 740. Let r = -39 + u. What is the tens digit of r?
0
Let l be 0/3 - 72/(5 - -1). What is the tens digit of 2/(l/(-2)) + (-10599)/(-9)?
7
Suppose -1465*k - 135896 = -1468*k + u, -45295 = -k + 4*u. What is the thousands digit of k?
5
Suppose -44*b + 76354 = -25506. What is the thousands digit of b?
2
Let r = 319 - -3287. What is the tens digit of r?
0
Suppose -5*b - 10 = -p, -p = b + 4*b + 10. Let z(i) = -1354*i - 5. Let q be z(-1). Suppose 2*s - c - 3*c - 562 = p, 5*s = -4*c + q. What is the tens digit of s?
7
Suppose -26*r = -11*r - 21420. What is the thousands digit of r?
1
Suppose -82 = -2*t + t - 2*w, 5*w + 155 = 2*t. Suppose 25*c = 29*c + t. What is the units digit of 8/c - 7504/(-35)?
4
Let q(l) = -l**2 + 8*l + 5. Let o be q(8). Suppose 10*b - 55 = -o. Suppose -b*j - 325 = -5*s, -3*j + j + 114 = 2*s. What is the tens digit of s?
6
Suppose 9*g = 2*g - 3808. Let m = g - -779. Suppose -j + 32 + m = 0. What is the hundreds digit of j?
2
Let x = -36143 - -79183. What is the tens digit of x?
4
Let x = 6 - 0. Let z be 1/(8/616) - 8. Suppose -x*y = -153 - z. What is the units digit of y?
7
Let c(n) = 111*n**2 + 4 + 2 - 244*n - 1 + 243*n. What is the hundreds digit of c(2)?
4
Let z be ((-1)/3)/((-14)/126). Suppose -z*n = -42 - 138. What is the tens digit of n?
6
Suppose -3*m + 474 = -3*i, -m + 146 = 19*i - 17*i. Suppose -m*r + 267 = -151*r. What is the units digit of r?
9
Let c(d) = d**2 - 24*d + 58. Let h be c(21). Suppose -3*w + 3*r + 9 = -12, 2*w - 20 = 4*r. What is the tens digit of w/((-12)/(-675)) + h?
2
Suppose -12*w + 2*w + 1086547 = 93*w. What is the hundreds digit of w?
5
Let p(l) = 2*l**3 - 5*l - 2. Let w be p(2). Suppose 2*y - b = 8, -w*y + 10*b = 5*b - 16. What is the units digit of ((-2317)/(-2))/7 - (-2)/y?
6
Suppose 24097 = 3*c + 5*v, 5*v = -30*c + 25*c + 40175. What is the hundreds digit of c?
0
Suppose -w - 5*l = -3576, 4*w - 3597 = 3*w + 2*l. What is the thousands digit of w?
3
Let x = -12978 + 20530. What is the tens digit of x?
5
Suppose 14*v - 14 - 14 = 0. Suppose v*o = -3*x + 346 + 431, -386 = -o - x. What is the hundreds digit of o?
3
Let j(q) = 3*q**3 - 27*q**2 - 67*q - 6. What is the tens digit of j(20)?
5
Let a = -19685 + 40915. What is the ten thousands digit of a?
2
Let z = -4997 - -27347. What is the ten thousands digit of z?
2
Suppose 112*w = 111*w + 4*u + 13914, 2*w - u = 27786. What is the thousands digit of w?
3
Suppose 16*n = -5*n - 13594 + 215047. What is the thousands digit of n?
9
Let c(d) = d + 12. Let h be c(-13). Let u(p) = 57 + 37*p**2 - 5*p + 6*p - 55. What is the tens digit of u(h)?
3
Let s(g) = 8566*g**3 - 59*g**2 - 75*g + 11. Let p(n) = 1713*n**3 - 12*n**2 - 15*n + 2. Let i(d) = -11*p(d) + 2*s(d). What is the thousands digit of i(-1)?
1
Let y = 412 + -200. Suppose -y = -8*s + 5452. What is the units digit of s?
8
Suppose -3*s - 10 = -4*s. Let x(j) = -5*j**3 - 14*j**2 - 36*j + 12. Let a be x(-4). What is the units digit of s*(-5 - a/(-8))?
5
Suppose -13531 = -4*a - 3*o + 10438, 2*o = 2*a - 11988. What is the hundreds digit of a?
9
Suppose 3*b + 29 = 29. Suppose 2*l - k - 976 = 0, b*l - 5*l + 2*k + 2441 = 0. What is the tens digit of l?
8
Let q(s) = -2*s - 4. Let w be q(3). Let m be 12/((-1 + (-6)/(-4))/(1560/1872)). Let t = w + m. What is the units digit of t?
0
Suppose -g = -b + 38563, -90*g = -4*b - 95*g + 154189. What is the thousands digit of b?
8
Let t(z) = 3*z**2 - 21*z - 23. Let b be t(8). What is the tens digit of -1*b*(-243 - 8/(-1))?
3
Suppose 31*u - 66*u - 236*u + 16493873 = 0. What is the ten thousands digit of u?
6
Let d(i) = -30*i**3 - 9*i**2 - 14*i - 69. What is the units digit of d(-6)?
1
Let r = 91 - 81. Suppose r - 25 = -5*c. Suppose -2*s + 352 = -5*j, 3*s - c*j - 335 = 202. What is the units digit of s?
1
Let b(g) = -g**3 + 7*g**2 + 28 + g - 36 - 5*g. Let d be b(6). Suppose -91 = -d*r + 317. What is the hundreds digit of r?
1
What is the thousands digit of (270888/192)/((-3)/36)*-2?
3
Suppose 5*q + 24*f - 1463 = 23*f, 0 = -3*q - f + 877. Let d = 435 - q. What is the units digit of d?
2
Let s(v) = 3*v**3 + 16*v**2 - 4*v + 3. Let n be s(-5). Suppose n*z - 29*z = 6384. What is the units digit of z?
6
Suppose 6 = x - 10. Let y be (-4)/(x/12) + 27. Suppose -126 - y = -2*c - 4*u, 4*u - 20 = 0. What is the tens digit of c?
6
Suppose 4*s + 5*v - 22031 = 0, 4*v - 16523 = -6*s + 3*s. What is the tens digit of s?
0
Suppose -28*c + 33653 = -18819. What is the tens digit of c?
7
Let g(b) = -b**3 - b**2 + 18*b - 11. Let f be g(-5). What is the units digit of (7/((-49)/14))/(f/127)?
4
Let g be ((-40)/(-8) - 910)*(-68)/10. Suppose g = 32*z + 2*z. What is the tens digit of z?
8
Suppose 51*c - 49*c = -1098. Let i = -1302 - c. What is the units digit of ((5 - 8)/(-3))/((-3)/i)?
1
Let o(n) = 3374*n**2 + 209*n + 9. What is the units digit of o(4)?
9
Let d(j) = -3*j - 1. Let w be 8 + -5 + -1*25. Let q be d(w). Let h = 109 - q. What is the tens digit of h?
4
Suppose -d = -5*s - 318, 5*s = -5*d + 843 + 897. Suppose 4*k - 1424 = q, -2*k - 3*q = -k - d. What is the tens digit of k?
5
Let r be (-2 - (-1 + -100))/((-6)/(-8)). Let k = r + 33. What is the tens digit of k?
6
Let o = 638 - 447. Let v = 723 - o. What is the units digit of v?
2
Let z be ((-2)/(-3 - -2))/1. Suppose 5*f - g - z*g - 341 = 0, -g = -2*f + 137. Suppose f = 13*j - 8*j. What is the tens digit of j?
1
Let y(u) = u**2 + 3*u - 1. Let w(g) = -1473*g**2 - 11*g + 7. Let x(d) = -w(d) - 2*y(d). What is the units digit of x(1)?
1
Let w(i) = 116*i**2 - 15*i - 65. What is the units digit of w(-4)?
1
Let k = -691 + 747. Let b = 48 + -75. Let i = k + b. What is the tens digit of i?
2
Let b(y) = -74 - 77*y + 27 + 11*y. What is the tens digit of b(-9)?
4
Let z(h) = -53*h**3 - 9*h**2 + 27*h + 138. What is the tens digit of z(-5)?
0
Let z(k) = -k**3 - 25*k**2 - 9*k - 21. Let c(b) = 3*b**3 + 74*b**2 + 29*b + 60. Let m(s) = 4*c(s) + 11*z(s). What is the units digit of m(-12)?
1
What is the tens digit of (-326090)/(-70) - ((-9)/(-126))/((-2)/(-12))?
5
What is the ten thousands digit of (-10901504)/(-320) + (-28)/(-10)?
3
Let b = -1057 - -470. Let z be (1 - (418 + 0)) + (-1)/1. Let p = z - b. What is the tens digit of p?
6
What is the tens digit of 316526/10 - 132/(-330)?
5
Suppose -6*q = -29*